{"id":67,"date":"2015-02-01T18:54:08","date_gmt":"2015-02-01T18:54:08","guid":{"rendered":"http:\/\/www.deportivamente.com\/wordpress\/?page_id=67"},"modified":"2020-01-21T11:10:45","modified_gmt":"2020-01-21T11:10:45","slug":"demandas-mas-frecuentes","status":"publish","type":"page","link":"https:\/\/www.deportivamente.com\/wordpress\/demandas-mas-frecuentes\/","title":{"rendered":"Demandas m\u00e1s frecuentes"},"content":{"rendered":"<div id=\"cs-content\" class=\"cs-content\" >\n<div class=\"e67-1 x-section\" >\n      \n<div class=\"e67-2 x-row x-container max width\" >\n  <div class=\"x-row-inner\">\n    \n<div class=\"e67-3 x-col\" >\n    \n<div class=\"e67-4 x-bar-content-area\" >\n  <p>DEPORTISTAS:<\/p>\n\n<ul>\n \t<li>Un deportista que rinde muy bien en los entrenos ,pero tiene dificultades para desplegar sus habilidades en la competici\u00f3n<\/li>\n \t<li>Un futbolista que quiere mejorar la precisi\u00f3n en los disparos a puerta o centros en carrera<\/li>\n \t<li>Un jugador de baloncesto que quiere mejorar su porcentaje de tiros libres y de larga distancia a trav\u00e9s del trabajo en precisi\u00f3n y visualizaci\u00f3n<\/li>\n \t<li>Deportistas que no controlan su ansiedad previa a una competici\u00f3n<\/li>\n \t<li>Deportistas que han perdido la autoconfianza o la motivaci\u00f3n en general<\/li>\n \t<li>Un tenista que tiene problemas en la toma de decisiones a la hora de subir a la red<\/li>\n \t<li>Un deportista de equipo que quiere mejorar su relaci\u00f3n con el entrenador<\/li>\n \t<li>Un runner que quiere prepararse para carreras de un nivel medio-alto, alto<\/li>\n \t<li>Un deportista de equipo que quiere escalar en su estatus como l\u00edder dentro del grupo<\/li>\n \t<li>Un deportista de \u00e9lite que est\u00e1 a punto de abandonar su carrera deportiva y necesita orientarse para su futuro profesional<\/li>\n<\/ul>\n<p>ENTRENADORES<\/p>\n\n<ul>\n \t<li>Un entrenador que quiere ser formado en habilidades psicol\u00f3gicas para la gesti\u00f3n de equipos<\/li>\n \t<li>Un entrenador que quiere herramientas para cohesionar y mejorar el clima del equipo<\/li>\n \t<li>Un entrenador de j\u00f3venes deportistas que quiere formarse psicopedag\u00f3gicamente para aprender a educar en valores mientras entrena<\/li>\n \t<li>Un entrenador que quiere conocer el perfil psicol\u00f3gico de sus jugadores<\/li>\n \t<li>Un entrenador que necesita trabajar sus habilidades comunicativas y su imagen externa de cara a los medios de comunicaci\u00f3n<\/li>\n<\/ul>\n<p>OTROS: CLUBS DEPORTIVOS Y EMPRESAS<\/p>\n\n<ul>\n \t<li>Un club que quiere organizar una o varias charlas sobre psicolog\u00eda del deporte en general, formaci\u00f3n psicopedag\u00f3gica para j\u00f3venes deportistas, valores a trav\u00e9s del deporte, etc...<\/li>\n \t<li>Un club de f\u00fatbol o b\u00e1sket que quiere realizar charlas de orientaci\u00f3n a padres y entrenadores<\/li>\n \t<li>Un Ayuntamiento que quiere preparar unas jornadas deportivas y formaci\u00f3n a t\u00e9cnicos deportivos<\/li>\n \t<li>Un club que quiere dise\u00f1ar una campa\u00f1a de captaci\u00f3n de nuevos abonados<\/li>\n \t<li>Una empresa que quiere hacer un estudio de investigaci\u00f3n relacionado con el deporte;como el realizado sobre \"los beneficios psicol\u00f3gicos del running\" para la marca Rexona<\/li>\n \t<li>Una revista o peri\u00f3dico que necesita art\u00edculos de psicolog\u00eda del deporte<\/li>\n<\/ul>\n<p><span>\u00a0<\/span><\/p><\/div>\n<\/div>\n  <\/div>\n  <\/div>\n  <\/div>\n<\/div>\n","protected":false},"excerpt":{"rendered":"","protected":false},"author":1,"featured_media":0,"parent":0,"menu_order":0,"comment_status":"closed","ping_status":"closed","template":"","meta":[],"aioseo_notices":[],"_links":{"self":[{"href":"https:\/\/www.deportivamente.com\/wordpress\/wp-json\/wp\/v2\/pages\/67"}],"collection":[{"href":"https:\/\/www.deportivamente.com\/wordpress\/wp-json\/wp\/v2\/pages"}],"about":[{"href":"https:\/\/www.deportivamente.com\/wordpress\/wp-json\/wp\/v2\/types\/page"}],"author":[{"embeddable":true,"href":"https:\/\/www.deportivamente.com\/wordpress\/wp-json\/wp\/v2\/users\/1"}],"replies":[{"embeddable":true,"href":"https:\/\/www.deportivamente.com\/wordpress\/wp-json\/wp\/v2\/comments?post=67"}],"version-history":[{"count":4,"href":"https:\/\/www.deportivamente.com\/wordpress\/wp-json\/wp\/v2\/pages\/67\/revisions"}],"predecessor-version":[{"id":1071,"href":"https:\/\/www.deportivamente.com\/wordpress\/wp-json\/wp\/v2\/pages\/67\/revisions\/1071"}],"wp:attachment":[{"href":"https:\/\/www.deportivamente.com\/wordpress\/wp-json\/wp\/v2\/media?parent=67"}],"curies":[{"name":"wp","href":"https:\/\/api.w.org\/{rel}","templated":true}]}}

Demandas más frecuentes

<div id="cs-content" class="cs-content" >
<div class="e67-1 x-section" >
      
<div class="e67-2 x-row x-container max width" >
  <div class="x-row-inner">
    
<div class="e67-3 x-col" >
    
<div class="e67-4 x-bar-content-area" >
  <p>DEPORTISTAS:</p>

<ul>
 	<li>Un deportista que rinde muy bien en los entrenos ,pero tiene dificultades para desplegar sus habilidades en la competición</li>
 	<li>Un futbolista que quiere mejorar la precisión en los disparos a puerta o centros en carrera</li>
 	<li>Un jugador de baloncesto que quiere mejorar su porcentaje de tiros libres y de larga distancia a través del trabajo en precisión y visualización</li>
 	<li>Deportistas que no controlan su ansiedad previa a una competición</li>
 	<li>Deportistas que han perdido la autoconfianza o la motivación en general</li>
 	<li>Un tenista que tiene problemas en la toma de decisiones a la hora de subir a la red</li>
 	<li>Un deportista de equipo que quiere mejorar su relación con el entrenador</li>
 	<li>Un runner que quiere prepararse para carreras de un nivel medio-alto, alto</li>
 	<li>Un deportista de equipo que quiere escalar en su estatus como líder dentro del grupo</li>
 	<li>Un deportista de élite que está a punto de abandonar su carrera deportiva y necesita orientarse para su futuro profesional</li>
</ul>
<p>ENTRENADORES</p>

<ul>
 	<li>Un entrenador que quiere ser formado en habilidades psicológicas para la gestión de equipos</li>
 	<li>Un entrenador que quiere herramientas para cohesionar y mejorar el clima del equipo</li>
 	<li>Un entrenador de jóvenes deportistas que quiere formarse psicopedagógicamente para aprender a educar en valores mientras entrena</li>
 	<li>Un entrenador que quiere conocer el perfil psicológico de sus jugadores</li>
 	<li>Un entrenador que necesita trabajar sus habilidades comunicativas y su imagen externa de cara a los medios de comunicación</li>
</ul>
<p>OTROS: CLUBS DEPORTIVOS Y EMPRESAS</p>

<ul>
 	<li>Un club que quiere organizar una o varias charlas sobre psicología del deporte en general, formación psicopedagógica para jóvenes deportistas, valores a través del deporte, etc...</li>
 	<li>Un club de fútbol o básket que quiere realizar charlas de orientación a padres y entrenadores</li>
 	<li>Un Ayuntamiento que quiere preparar unas jornadas deportivas y formación a técnicos deportivos</li>
 	<li>Un club que quiere diseñar una campaña de captación de nuevos abonados</li>
 	<li>Una empresa que quiere hacer un estudio de investigación relacionado con el deporte;como el realizado sobre "los beneficios psicológicos del running" para la marca Rexona</li>
 	<li>Una revista o periódico que necesita artículos de psicología del deporte</li>
</ul>
<p><span> </span></p></div>
</div>
  </div>
  </div>
  </div>
</div>
